{"id":252,"date":"2020-08-15T15:57:25","date_gmt":"2020-08-15T13:57:25","guid":{"rendered":"http:\/\/shop.bulldogpress.com\/?page_id=252"},"modified":"2025-10-03T17:36:56","modified_gmt":"2025-10-03T15:36:56","slug":"test-shop","status":"publish","type":"page","link":"https:\/\/bulldogpress.de\/","title":{"rendered":"Home \/ Onlineshop"},"content":{"rendered":"<p>[et_pb_section fb_built=&#8220;1&#8243; _builder_version=&#8220;4.16&#8243; _module_preset=&#8220;default&#8220; background_color=&#8220;rgba(0,0,0,0)&#8220; use_background_color_gradient=&#8220;on&#8220; background_color_gradient_direction=&#8220;124deg&#8220; background_color_gradient_stops=&#8220;rgba(0,0,0,0.12) 30%|#2ea3f2 90%&#8220; background_color_gradient_start=&#8220;rgba(0,0,0,0.12)&#8220; background_color_gradient_start_position=&#8220;30%&#8220; background_color_gradient_end=&#8220;#2ea3f2&#8243; background_color_gradient_end_position=&#8220;90%&#8220; background_image=&#8220;http:\/\/shop.bulldogpress.com\/wp-content\/uploads\/2020\/01\/ebook-17-1.png&#8220; background_position=&#8220;bottom_left&#8220; global_colors_info=&#8220;{}&#8220;][et_pb_row column_structure=&#8220;1_2,1_2&#8243; _builder_version=&#8220;4.17.3&#8243; _module_preset=&#8220;default&#8220; custom_padding=&#8220;39px|||||&#8220; global_colors_info=&#8220;{}&#8220;][et_pb_column type=&#8220;1_2&#8243; _builder_version=&#8220;4.16&#8243; _module_preset=&#8220;default&#8220; global_colors_info=&#8220;{}&#8220;][et_pb_image src=&#8220;https:\/\/bulldogpress.de\/wp-content\/uploads\/2021\/03\/bulldog_start_KL.jpg&#8220; title_text=&#8220;bulldog_start_KL&#8220; _builder_version=&#8220;4.17.3&#8243; _module_preset=&#8220;default&#8220; animation_direction=&#8220;left&#8220; box_shadow_style=&#8220;preset3&#8243; box_shadow_horizontal=&#8220;8px&#8220; box_shadow_vertical=&#8220;28px&#8220; box_shadow_blur=&#8220;26px&#8220; box_shadow_spread=&#8220;-3px&#8220; global_colors_info=&#8220;{}&#8220;][\/et_pb_image][\/et_pb_column][et_pb_column type=&#8220;1_2&#8243; _builder_version=&#8220;4.17.3&#8243; _module_preset=&#8220;default&#8220; animation_direction=&#8220;bottom&#8220; global_colors_info=&#8220;{}&#8220;][et_pb_text _builder_version=&#8220;4.17.3&#8243; _module_preset=&#8220;default&#8220; text_font=&#8220;Montserrat|800||on|||||&#8220; text_text_color=&#8220;#000000&#8243; text_font_size=&#8220;80px&#8220; text_line_height=&#8220;0.9em&#8220; min_height=&#8220;56px&#8220; custom_padding=&#8220;10px||||false|false&#8220; text_font_size_tablet=&#8220;78px&#8220; text_font_size_phone=&#8220;60px&#8220; text_font_size_last_edited=&#8220;on|tablet&#8220; global_colors_info=&#8220;{}&#8220;]<\/p>\n<p>Bulldog<br \/>press<\/p>\n<p>[\/et_pb_text][et_pb_text _builder_version=&#8220;4.17.3&#8243; _module_preset=&#8220;default&#8220; text_font=&#8220;Montserrat||||||||&#8220; text_text_color=&#8220;#000000&#8243; text_font_size=&#8220;26px&#8220; text_line_height=&#8220;1.4em&#8220; global_colors_info=&#8220;{}&#8220;]<\/p>\n<p>Herzlich Willkommen in Ihrem Fachbuchverlag f\u00fcr Traktor-, Dampf-, Landmaschinen und Motorradfreunde!<\/p>\n<p>[\/et_pb_text][\/et_pb_column][\/et_pb_row][\/et_pb_section][et_pb_section fb_built=&#8220;1&#8243; _builder_version=&#8220;4.16&#8243; background_enable_image=&#8220;off&#8220; custom_padding=&#8220;8px||5px|||&#8220; global_colors_info=&#8220;{}&#8220;][et_pb_row _builder_version=&#8220;4.16&#8243; locked=&#8220;off&#8220; global_colors_info=&#8220;{}&#8220;][et_pb_column type=&#8220;4_4&#8243; _builder_version=&#8220;4.16&#8243; custom_padding=&#8220;|||&#8220; global_colors_info=&#8220;{}&#8220; custom_padding__hover=&#8220;|||&#8220;][et_pb_image src=&#8220;https:\/\/bulldogpress.de\/wp-content\/uploads\/2020\/11\/author-icon1.png&#8220; title_text=&#8220;author-icon1&#8243; _builder_version=&#8220;4.16&#8243; always_center_on_mobile=&#8220;off&#8220; locked=&#8220;off&#8220; global_colors_info=&#8220;{}&#8220;][\/et_pb_image][et_pb_text content_tablet=&#8220;<\/p>\n<h1>Alle B\u00fccher<\/h1>\n<p>&#8220; content_phone=&#8220;<\/p>\n<h1>Alle B\u00fccher<\/h1>\n<p>&#8220; content_last_edited=&#8220;on|phone&#8220; _builder_version=&#8220;4.16&#8243; text_font=&#8220;Montserrat||||||||&#8220; text_text_color=&#8220;#000000&#8243; text_font_size=&#8220;32px&#8220; text_line_height=&#8220;1.8em&#8220; header_font=&#8220;Montserrat|800||on|||||&#8220; header_text_color=&#8220;#000000&#8243; header_font_size=&#8220;4.5vw&#8220; header_line_height=&#8220;1.1em&#8220; custom_margin=&#8220;-25px||30px|||&#8220; text_font_size_tablet=&#8220;16px&#8220; text_font_size_phone=&#8220;14px&#8220; text_font_size_last_edited=&#8220;on|phone&#8220; text_line_height_tablet=&#8220;1.8em&#8220; text_line_height_phone=&#8220;1.7em&#8220; text_line_height_last_edited=&#8220;off|phone&#8220; header_font_size_tablet=&#8220;8vw&#8220; header_font_size_phone=&#8220;10vw&#8220; header_font_size_last_edited=&#8220;on|phone&#8220; locked=&#8220;off&#8220; global_colors_info=&#8220;{}&#8220;]<\/p>\n<h1>Alle B\u00fccher<\/h1>\n<p>[\/et_pb_text][et_pb_text _builder_version=&#8220;4.16&#8243; text_font=&#8220;Montserrat|700|||||||&#8220; text_text_color=&#8220;#2ea3f2&#8243; text_font_size=&#8220;32px&#8220; text_font_size_tablet=&#8220;&#8220; text_font_size_phone=&#8220;27px&#8220; text_font_size_last_edited=&#8220;on|phone&#8220; global_colors_info=&#8220;{}&#8220;]<\/p>\n<p>TRAKTOREN<\/p>\n<p>[\/et_pb_text][\/et_pb_column][\/et_pb_row][et_pb_row _builder_version=&#8220;4.16&#8243; width_tablet=&#8220;&#8220; width_phone=&#8220;&#8220; width_last_edited=&#8220;on|phone&#8220; module_alignment=&#8220;center&#8220; custom_padding=&#8220;3px|||||&#8220; global_colors_info=&#8220;{}&#8220;][et_pb_column type=&#8220;4_4&#8243; _builder_version=&#8220;4.16&#8243; global_colors_info=&#8220;{}&#8220;][et_pb_shop type=&#8220;product_category&#8220; show_pagination=&#8220;on&#8220; include_categories=&#8220;17&#8243; orderby=&#8220;price&#8220; sale_badge_color=&#8220;#2ea3f2&#8243; _builder_version=&#8220;4.16&#8243; title_font=&#8220;Montserrat||||||||&#8220; title_text_color=&#8220;#2ea3f2&#8243; title_font_size=&#8220;16px&#8220; title_line_height=&#8220;1.2em&#8220; price_font=&#8220;Montserrat|700|||||||&#8220; price_font_size=&#8220;17px&#8220; sale_badge_font=&#8220;Montserrat||||||||&#8220; sale_badge_text_color=&#8220;#ffffff&#8220; sale_price_font=&#8220;Montserrat|700|||||||&#8220; title_font_size_tablet=&#8220;&#8220; title_font_size_phone=&#8220;13px&#8220; title_font_size_last_edited=&#8220;on|phone&#8220; global_colors_info=&#8220;{}&#8220;][\/et_pb_shop][et_pb_divider color=&#8220;#2ea3f2&#8243; _builder_version=&#8220;4.16&#8243; animation_style=&#8220;slide&#8220; animation_direction=&#8220;left&#8220; animation_intensity_slide=&#8220;82%&#8220; global_colors_info=&#8220;{}&#8220;][\/et_pb_divider][\/et_pb_column][\/et_pb_row][et_pb_row _builder_version=&#8220;4.16&#8243; custom_padding=&#8220;3px|||||&#8220; global_colors_info=&#8220;{}&#8220;][et_pb_column type=&#8220;4_4&#8243; _builder_version=&#8220;4.16&#8243; global_colors_info=&#8220;{}&#8220;][et_pb_text _builder_version=&#8220;4.16&#8243; text_font=&#8220;Montserrat|700|||||||&#8220; text_text_color=&#8220;#2ea3f2&#8243; text_font_size=&#8220;32px&#8220; text_font_size_tablet=&#8220;&#8220; text_font_size_phone=&#8220;27px&#8220; text_font_size_last_edited=&#8220;on|phone&#8220; global_colors_info=&#8220;{}&#8220;]<\/p>\n<p>LANDMASCHINEN<\/p>\n<p>[\/et_pb_text][et_pb_shop type=&#8220;product_category&#8220; show_pagination=&#8220;on&#8220; include_categories=&#8220;18&#8243; orderby=&#8220;price&#8220; sale_badge_color=&#8220;#2ea3f2&#8243; _builder_version=&#8220;4.16&#8243; title_font=&#8220;Montserrat||||||||&#8220; title_text_color=&#8220;#2ea3f2&#8243; title_font_size=&#8220;16px&#8220; title_line_height=&#8220;1.2em&#8220; price_font=&#8220;Montserrat|700|||||||&#8220; price_font_size=&#8220;17px&#8220; sale_badge_text_color=&#8220;#ffffff&#8220; title_font_size_tablet=&#8220;&#8220; title_font_size_phone=&#8220;13px&#8220; title_font_size_last_edited=&#8220;on|phone&#8220; global_colors_info=&#8220;{}&#8220;][\/et_pb_shop][et_pb_divider color=&#8220;#2ea3f2&#8243; _builder_version=&#8220;4.16&#8243; animation_style=&#8220;slide&#8220; animation_direction=&#8220;left&#8220; animation_intensity_slide=&#8220;82%&#8220; locked=&#8220;off&#8220; global_colors_info=&#8220;{}&#8220;][\/et_pb_divider][\/et_pb_column][\/et_pb_row][et_pb_row _builder_version=&#8220;4.16&#8243; width_tablet=&#8220;&#8220; width_phone=&#8220;90%&#8220; width_last_edited=&#8220;on|phone&#8220; custom_padding=&#8220;3px|||||&#8220; global_colors_info=&#8220;{}&#8220;][et_pb_column type=&#8220;4_4&#8243; _builder_version=&#8220;4.16&#8243; global_colors_info=&#8220;{}&#8220;][et_pb_text _builder_version=&#8220;4.16&#8243; text_font=&#8220;Montserrat|700|||||||&#8220; text_text_color=&#8220;#2ea3f2&#8243; text_font_size=&#8220;32px&#8220; text_font_size_tablet=&#8220;&#8220; text_font_size_phone=&#8220;27px&#8220; text_font_size_last_edited=&#8220;on|phone&#8220; global_colors_info=&#8220;{}&#8220;]<\/p>\n<p>HANDB\u00dcCHER<\/p>\n<p>[\/et_pb_text][et_pb_shop type=&#8220;product_category&#8220; show_pagination=&#8220;on&#8220; include_categories=&#8220;26&#8243; orderby=&#8220;price&#8220; sale_badge_color=&#8220;#2ea3f2&#8243; _builder_version=&#8220;4.16&#8243; title_font=&#8220;Montserrat||||||||&#8220; title_text_color=&#8220;#2ea3f2&#8243; title_font_size=&#8220;16px&#8220; price_font=&#8220;Montserrat|700|||||||&#8220; price_font_size=&#8220;17px&#8220; sale_badge_text_color=&#8220;#ffffff&#8220; title_font_size_tablet=&#8220;&#8220; title_font_size_phone=&#8220;13px&#8220; title_font_size_last_edited=&#8220;on|desktop&#8220; global_colors_info=&#8220;{}&#8220;][\/et_pb_shop][et_pb_divider color=&#8220;#2ea3f2&#8243; _builder_version=&#8220;4.16&#8243; animation_style=&#8220;slide&#8220; animation_direction=&#8220;left&#8220; animation_intensity_slide=&#8220;82%&#8220; locked=&#8220;off&#8220; global_colors_info=&#8220;{}&#8220;][\/et_pb_divider][et_pb_text _builder_version=&#8220;4.16&#8243; text_font=&#8220;Montserrat|700|||||||&#8220; text_text_color=&#8220;#2ea3f2&#8243; text_font_size=&#8220;32px&#8220; text_line_height=&#8220;1.3em&#8220; text_font_size_tablet=&#8220;&#8220; text_font_size_phone=&#8220;23px&#8220; text_font_size_last_edited=&#8220;on|desktop&#8220; global_colors_info=&#8220;{}&#8220;]<\/p>\n<p>ZIGARETTENBILDERALBUM \/\u00a0MOTORRADBUCH\u00a0<\/p>\n<p>[\/et_pb_text][et_pb_shop type=&#8220;product_category&#8220; show_pagination=&#8220;on&#8220; include_categories=&#8220;15,32&#8243; orderby=&#8220;price&#8220; sale_badge_color=&#8220;#2ea3f2&#8243; _builder_version=&#8220;4.16&#8243; title_font=&#8220;Montserrat||||||||&#8220; title_text_color=&#8220;#2ea3f2&#8243; title_font_size=&#8220;16px&#8220; price_font=&#8220;Montserrat|700|||||||&#8220; price_font_size=&#8220;17px&#8220; sale_badge_text_color=&#8220;#ffffff&#8220; title_font_size_tablet=&#8220;&#8220; title_font_size_phone=&#8220;13px&#8220; title_font_size_last_edited=&#8220;on|phone&#8220; locked=&#8220;off&#8220; global_colors_info=&#8220;{}&#8220;][\/et_pb_shop][et_pb_divider color=&#8220;#2ea3f2&#8243; _builder_version=&#8220;4.16&#8243; animation_style=&#8220;slide&#8220; animation_direction=&#8220;left&#8220; animation_intensity_slide=&#8220;82%&#8220; locked=&#8220;off&#8220; global_colors_info=&#8220;{}&#8220;][\/et_pb_divider][et_pb_text _builder_version=&#8220;4.16&#8243; text_font=&#8220;Montserrat|700|||||||&#8220; text_text_color=&#8220;#2ea3f2&#8243; text_font_size=&#8220;32px&#8220; text_font_size_tablet=&#8220;&#8220; text_font_size_phone=&#8220;27px&#8220; text_font_size_last_edited=&#8220;on|phone&#8220; global_colors_info=&#8220;{}&#8220;]<\/p>\n<p>KINDERB\u00dcCHER<\/p>\n<p>[\/et_pb_text][et_pb_shop type=&#8220;product_category&#8220; show_pagination=&#8220;on&#8220; include_categories=&#8220;28&#8243; orderby=&#8220;price&#8220; sale_badge_color=&#8220;#2ea3f2&#8243; _builder_version=&#8220;4.16&#8243; title_font=&#8220;Montserrat|600|||||||&#8220; title_text_color=&#8220;#2ea3f2&#8243; title_font_size=&#8220;16px&#8220; title_line_height=&#8220;1.2em&#8220; price_font=&#8220;Montserrat|700|||||||&#8220; price_font_size=&#8220;17px&#8220; sale_badge_text_color=&#8220;#ffffff&#8220; title_font_size_tablet=&#8220;&#8220; title_font_size_phone=&#8220;13px&#8220; title_font_size_last_edited=&#8220;on|phone&#8220; global_colors_info=&#8220;{}&#8220;][\/et_pb_shop][et_pb_divider color=&#8220;#2ea3f2&#8243; _builder_version=&#8220;4.16&#8243; animation_style=&#8220;slide&#8220; animation_direction=&#8220;left&#8220; animation_intensity_slide=&#8220;82%&#8220; locked=&#8220;off&#8220; global_colors_info=&#8220;{}&#8220;][\/et_pb_divider][\/et_pb_column][\/et_pb_row][\/et_pb_section][et_pb_section fb_built=&#8220;1&#8243; custom_padding_last_edited=&#8220;on|phone&#8220; admin_label=&#8220;Footer&#8220; _builder_version=&#8220;4.16&#8243; background_color=&#8220;#ffffff&#8220; background_color_gradient_direction=&#8220;240deg&#8220; background_enable_image=&#8220;off&#8220; background_size=&#8220;contain&#8220; background_position=&#8220;top_center&#8220; width=&#8220;80%&#8220; module_alignment=&#8220;center&#8220; custom_margin=&#8220;||&#8220; custom_padding=&#8220;0vw||4vw||false|&#8220; custom_padding_tablet=&#8220;0vw||4vw||false|&#8220; custom_padding_phone=&#8220;0vw||4vw||false|&#8220; locked=&#8220;off&#8220; global_colors_info=&#8220;{}&#8220;][et_pb_row _builder_version=&#8220;4.16&#8243; _module_preset=&#8220;default&#8220; global_colors_info=&#8220;{}&#8220;][et_pb_column type=&#8220;4_4&#8243; _builder_version=&#8220;4.16&#8243; _module_preset=&#8220;default&#8220; global_colors_info=&#8220;{}&#8220;][et_pb_text content_tablet=&#8220;<\/p>\n<p>Bei Fragen bitte kontaktieren Sie uns per E-Mail oder telefonisch<\/p>\n<p>Tel.: +49 (0) 6430 \/ 30033<\/p>\n<p>Fax:+49 (0) 6430 \/ 30037<\/p>\n<p>&#8220; content_phone=&#8220;<\/p>\n<p>Bei Fragen bitte kontaktieren Sie uns per E-Mail oder telefonisch<\/p>\n<p>Tel.: +49 (0) 6430 \/ 30033<\/p>\n<p>Fax:+49 (0) 6430 \/ 30037<\/p>\n<p>&#8220; content_last_edited=&#8220;on|phone&#8220; _builder_version=&#8220;4.16&#8243; text_font=&#8220;Montserrat|600|||||||&#8220; text_font_size=&#8220;20px&#8220; text_font_size_tablet=&#8220;18px&#8220; text_font_size_phone=&#8220;16px&#8220; text_font_size_last_edited=&#8220;on|tablet&#8220; locked=&#8220;off&#8220; global_colors_info=&#8220;{}&#8220;]<\/p>\n<p>Bei Fragen bitte kontaktieren Sie uns per E-Mail oder telefonisch<\/p>\n<p>Tel.: +49 (0) 6430 \/ 30033<\/p>\n<p>Fax:+49 (0) 6430 \/ 30037<\/p>\n<p>[\/et_pb_text][\/et_pb_column][\/et_pb_row][et_pb_row _builder_version=&#8220;4.16&#8243; width_tablet=&#8220;&#8220; width_phone=&#8220;&#8220; width_last_edited=&#8220;on|phone&#8220; global_colors_info=&#8220;{}&#8220;][et_pb_column type=&#8220;4_4&#8243; _builder_version=&#8220;4.16&#8243; global_colors_info=&#8220;{}&#8220;][et_pb_image src=&#8220;https:\/\/bulldogpress.de\/wp-content\/uploads\/2020\/09\/bplogo.gif&#8220; title_text=&#8220;bplogo&#8220; align=&#8220;center&#8220; _builder_version=&#8220;4.16&#8243; global_colors_info=&#8220;{}&#8220;][\/et_pb_image][et_pb_text _builder_version=&#8220;4.16&#8243; text_font=&#8220;Montserrat|700||on|||||&#8220; text_text_color=&#8220;#2ea3f2&#8243; text_font_size=&#8220;32px&#8220; text_font_size_tablet=&#8220;&#8220; text_font_size_phone=&#8220;20px&#8220; text_font_size_last_edited=&#8220;on|phone&#8220; global_colors_info=&#8220;{}&#8220;]<\/p>\n<p>Kontaktformular<\/p>\n<p>[\/et_pb_text][et_pb_contact_form email=&#8220;info@bulldogpress.de&#8220; custom_message=&#8220;Sie haben eine Nachricht \u00fcber das Kontaktformular bei bulldogpress.de erhalten:||et_pb_line_break_holder||||et_pb_line_break_holder||Name: %%Name%%,||et_pb_line_break_holder||E-Mail-Adresse: %%Email%%,||et_pb_line_break_holder||Nachricht: %%Nachricht%% ||et_pb_line_break_holder||&#8220; success_message=&#8220;Ihre Nachricht wurde erfolgreich versendet.Wir danken f\u00fcr Ihr Interesse und werden uns zum n\u00e4chstm\u00f6glichen Termin mit Ihnen in Verbindung setzen. Vielen Dank!&#8220; submit_button_text=&#8220;Senden&#8220; _builder_version=&#8220;4.16&#8243; _unique_id=&#8220;217cc92a-dd51-4f5e-9e7a-4a7cdb3c7713&#8243; form_field_background_color=&#8220;#ededed&#8220; form_field_text_color=&#8220;#8f8f8f&#8220; form_field_focus_background_color=&#8220;#ffffff&#8220; title_level=&#8220;h2&#8243; title_font=&#8220;Montserrat|800||on|||||&#8220; title_font_size=&#8220;60px&#8220; form_field_font=&#8220;Montserrat|600|||||||&#8220; form_field_font_size=&#8220;16px&#8220; form_field_line_height=&#8220;1.8em&#8220; custom_button=&#8220;on&#8220; button_text_size=&#8220;16px&#8220; button_text_color=&#8220;#ffffff&#8220; button_bg_color=&#8220;#2ea3f2&#8243; button_border_width=&#8220;10px&#8220; button_border_color=&#8220;rgba(0,0,0,0)&#8220; button_border_radius=&#8220;0px&#8220; button_font=&#8220;Montserrat|700|||||||&#8220; button_use_icon=&#8220;off&#8220; max_width_tablet=&#8220;&#8220; max_width_phone=&#8220;&#8220; max_width_last_edited=&#8220;on|desktop&#8220; custom_margin=&#8220;|||&#8220; custom_margin_tablet=&#8220;0vw|||&#8220; custom_margin_phone=&#8220;0vw|||&#8220; custom_margin_last_edited=&#8220;off|desktop&#8220; custom_padding_tablet=&#8220;200px|||&#8220; custom_padding_phone=&#8220;150px|||&#8220; custom_padding_last_edited=&#8220;off|desktop&#8220; animation_direction=&#8220;right&#8220; title_font_size_tablet=&#8220;30px&#8220; title_font_size_phone=&#8220;22px&#8220; title_font_size_last_edited=&#8220;on|desktop&#8220; border_color_all=&#8220;rgba(51,51,51,0.13)&#8220; locked=&#8220;off&#8220; global_colors_info=&#8220;{}&#8220; button_text_size__hover_enabled=&#8220;off&#8220; button_text_color__hover_enabled=&#8220;off&#8220; button_bg_color__hover_enabled=&#8220;off&#8220; button_border_width__hover_enabled=&#8220;off&#8220; button_border_color__hover_enabled=&#8220;off&#8220; button_border_radius__hover_enabled=&#8220;off&#8220; button_letter_spacing__hover_enabled=&#8220;off&#8220; animation_style__hover=&#8220;none&#8220; animation_style__hover_enabled=&#8220;none&#8220;][et_pb_contact_field field_id=&#8220;Name&#8220; field_title=&#8220;Name*&#8220; _builder_version=&#8220;4.16&#8243; global_colors_info=&#8220;{}&#8220; button_text_size__hover_enabled=&#8220;off&#8220; button_one_text_size__hover_enabled=&#8220;off&#8220; button_two_text_size__hover_enabled=&#8220;off&#8220; button_text_color__hover_enabled=&#8220;off&#8220; button_one_text_color__hover_enabled=&#8220;off&#8220; button_two_text_color__hover_enabled=&#8220;off&#8220; button_border_width__hover_enabled=&#8220;off&#8220; button_one_border_width__hover_enabled=&#8220;off&#8220; button_two_border_width__hover_enabled=&#8220;off&#8220; button_border_color__hover_enabled=&#8220;off&#8220; button_one_border_color__hover_enabled=&#8220;off&#8220; button_two_border_color__hover_enabled=&#8220;off&#8220; button_border_radius__hover_enabled=&#8220;off&#8220; button_one_border_radius__hover_enabled=&#8220;off&#8220; button_two_border_radius__hover_enabled=&#8220;off&#8220; button_letter_spacing__hover_enabled=&#8220;off&#8220; button_one_letter_spacing__hover_enabled=&#8220;off&#8220; button_two_letter_spacing__hover_enabled=&#8220;off&#8220; button_bg_color__hover_enabled=&#8220;off&#8220; button_one_bg_color__hover_enabled=&#8220;off&#8220; button_two_bg_color__hover_enabled=&#8220;off&#8220;][\/et_pb_contact_field][et_pb_contact_field field_id=&#8220;Email&#8220; field_title=&#8220;E-Mail Adresse*&#8220; field_type=&#8220;email&#8220; _builder_version=&#8220;4.16&#8243; global_colors_info=&#8220;{}&#8220; button_text_size__hover_enabled=&#8220;off&#8220; button_one_text_size__hover_enabled=&#8220;off&#8220; button_two_text_size__hover_enabled=&#8220;off&#8220; button_text_color__hover_enabled=&#8220;off&#8220; button_one_text_color__hover_enabled=&#8220;off&#8220; button_two_text_color__hover_enabled=&#8220;off&#8220; button_border_width__hover_enabled=&#8220;off&#8220; button_one_border_width__hover_enabled=&#8220;off&#8220; button_two_border_width__hover_enabled=&#8220;off&#8220; button_border_color__hover_enabled=&#8220;off&#8220; button_one_border_color__hover_enabled=&#8220;off&#8220; button_two_border_color__hover_enabled=&#8220;off&#8220; button_border_radius__hover_enabled=&#8220;off&#8220; button_one_border_radius__hover_enabled=&#8220;off&#8220; button_two_border_radius__hover_enabled=&#8220;off&#8220; button_letter_spacing__hover_enabled=&#8220;off&#8220; button_one_letter_spacing__hover_enabled=&#8220;off&#8220; button_two_letter_spacing__hover_enabled=&#8220;off&#8220; button_bg_color__hover_enabled=&#8220;off&#8220; button_one_bg_color__hover_enabled=&#8220;off&#8220; button_two_bg_color__hover_enabled=&#8220;off&#8220;][\/et_pb_contact_field][et_pb_contact_field field_id=&#8220;Nachricht&#8220; field_title=&#8220;Nachricht*&#8220; field_type=&#8220;text&#8220; fullwidth_field=&#8220;on&#8220; _builder_version=&#8220;4.16&#8243; global_colors_info=&#8220;{}&#8220; button_text_size__hover_enabled=&#8220;off&#8220; button_one_text_size__hover_enabled=&#8220;off&#8220; button_two_text_size__hover_enabled=&#8220;off&#8220; button_text_color__hover_enabled=&#8220;off&#8220; button_one_text_color__hover_enabled=&#8220;off&#8220; button_two_text_color__hover_enabled=&#8220;off&#8220; button_border_width__hover_enabled=&#8220;off&#8220; button_one_border_width__hover_enabled=&#8220;off&#8220; button_two_border_width__hover_enabled=&#8220;off&#8220; button_border_color__hover_enabled=&#8220;off&#8220; button_one_border_color__hover_enabled=&#8220;off&#8220; button_two_border_color__hover_enabled=&#8220;off&#8220; button_border_radius__hover_enabled=&#8220;off&#8220; button_one_border_radius__hover_enabled=&#8220;off&#8220; button_two_border_radius__hover_enabled=&#8220;off&#8220; button_letter_spacing__hover_enabled=&#8220;off&#8220; button_one_letter_spacing__hover_enabled=&#8220;off&#8220; button_two_letter_spacing__hover_enabled=&#8220;off&#8220; button_bg_color__hover_enabled=&#8220;off&#8220; button_one_bg_color__hover_enabled=&#8220;off&#8220; button_two_bg_color__hover_enabled=&#8220;off&#8220;][\/et_pb_contact_field][\/et_pb_contact_form][\/et_pb_column][\/et_pb_row][\/et_pb_section]<\/p>\n","protected":false},"excerpt":{"rendered":"<p>BulldogpressHerzlich Willkommen in Ihrem Fachbuchverlag f\u00fcr Traktor-, Dampf-, Landmaschinen und Motorradfreunde!Alle B\u00fccherTRAKTORENLANDMASCHINENHANDB\u00dcCHERZIGARETTENBILDERALBUM \/\u00a0MOTORRADBUCH\u00a0KINDERB\u00dcCHERBei Fragen bitte kontaktieren Sie uns per E-Mail oder telefonisch Tel.: +49 (0) 6430 \/ 30033 Fax:+49 (0) 6430 \/ 30037Kontaktformular<\/p>\n","protected":false},"author":1,"featured_media":0,"parent":0,"menu_order":0,"comment_status":"closed","ping_status":"closed","template":"","meta":{"_et_pb_use_builder":"on","_et_pb_old_content":"","_et_gb_content_width":"","footnotes":""},"class_list":["post-252","page","type-page","status-publish","hentry"],"_links":{"self":[{"href":"https:\/\/bulldogpress.de\/index.php?rest_route=\/wp\/v2\/pages\/252","targetHints":{"allow":["GET"]}}],"collection":[{"href":"https:\/\/bulldogpress.de\/index.php?rest_route=\/wp\/v2\/pages"}],"about":[{"href":"https:\/\/bulldogpress.de\/index.php?rest_route=\/wp\/v2\/types\/page"}],"author":[{"embeddable":true,"href":"https:\/\/bulldogpress.de\/index.php?rest_route=\/wp\/v2\/users\/1"}],"replies":[{"embeddable":true,"href":"https:\/\/bulldogpress.de\/index.php?rest_route=%2Fwp%2Fv2%2Fcomments&post=252"}],"version-history":[{"count":177,"href":"https:\/\/bulldogpress.de\/index.php?rest_route=\/wp\/v2\/pages\/252\/revisions"}],"predecessor-version":[{"id":2307,"href":"https:\/\/bulldogpress.de\/index.php?rest_route=\/wp\/v2\/pages\/252\/revisions\/2307"}],"wp:attachment":[{"href":"https:\/\/bulldogpress.de\/index.php?rest_route=%2Fwp%2Fv2%2Fmedia&parent=252"}],"curies":[{"name":"wp","href":"https:\/\/api.w.org\/{rel}","templated":true}]}}