{"id":3,"date":"2020-01-13T21:14:24","date_gmt":"2020-01-13T20:14:24","guid":{"rendered":"http:\/\/shop.bulldogpress.com\/?page_id=3"},"modified":"2022-04-26T13:29:58","modified_gmt":"2022-04-26T11:29:58","slug":"datenschutzerklaerung","status":"publish","type":"page","link":"https:\/\/bulldogpress.de\/?page_id=3","title":{"rendered":"Datenschutz"},"content":{"rendered":"<p>[et_pb_section fb_built=&#8220;1&#8243; specialty=&#8220;on&#8220; custom_padding_last_edited=&#8220;off|phone&#8220; padding_top_1=&#8220;7vw&#8220; admin_label=&#8220;Header&#8220; _builder_version=&#8220;4.7.0&#8243; use_background_color_gradient=&#8220;on&#8220; background_color_gradient_start=&#8220;#2ea3f2&#8243; background_color_gradient_end=&#8220;rgba(255,255,255,0.1)&#8220; background_color_gradient_direction=&#8220;124deg&#8220; background_color_gradient_start_position=&#8220;30%&#8220; background_color_gradient_end_position=&#8220;90%&#8220; background_image=&#8220;http:\/\/shop.bulldogpress.com\/wp-content\/uploads\/2020\/11\/ebook-42-2.png&#8220; background_position=&#8220;top_left&#8220; inner_width=&#8220;100%&#8220; inner_max_width=&#8220;1280px&#8220; inner_module_alignment=&#8220;center&#8220; custom_padding=&#8220;||14px|||&#8220; custom_padding_tablet=&#8220;|10vw||&#8220; custom_padding_phone=&#8220;|||||false&#8220; inner_module_alignment_tablet=&#8220;right&#8220; inner_module_alignment_phone=&#8220;center&#8220; inner_module_alignment_last_edited=&#8220;on|phone&#8220; border_color_all=&#8220;#31d190&#8243; border_width_left=&#8220;10px&#8220; locked=&#8220;off&#8220; global_colors_info=&#8220;{}&#8220;][et_pb_column type=&#8220;1_2&#8243; _builder_version=&#8220;3.25&#8243; custom_padding=&#8220;|||&#8220; global_colors_info=&#8220;{}&#8220; custom_padding__hover=&#8220;|||&#8220;][et_pb_image src=&#8220;https:\/\/bulldogpress.de\/wp-content\/uploads\/2021\/07\/bulldog-favi.png&#8220; title_text=&#8220;bulldog-favi&#8220; _builder_version=&#8220;4.14.6&#8243; width=&#8220;50%&#8220; hover_enabled=&#8220;0&#8243; global_colors_info=&#8220;{}&#8220; sticky_enabled=&#8220;0&#8243;][\/et_pb_image][et_pb_text _builder_version=&#8220;4.7.0&#8243; text_font=&#8220;||||||||&#8220; text_text_color=&#8220;#000000&#8243; text_font_size=&#8220;18px&#8220; text_line_height=&#8220;1.8em&#8220; header_font=&#8220;Montserrat|700||on|||||&#8220; header_text_color=&#8220;#000000&#8243; header_font_size=&#8220;60px&#8220; header_line_height=&#8220;1.1em&#8220; module_alignment=&#8220;center&#8220; custom_margin=&#8220;||30px|||&#8220; text_font_size_tablet=&#8220;16px&#8220; text_font_size_phone=&#8220;14px&#8220; text_font_size_last_edited=&#8220;on|phone&#8220; text_line_height_tablet=&#8220;1.8em&#8220; text_line_height_phone=&#8220;1.7em&#8220; text_line_height_last_edited=&#8220;off|phone&#8220; header_font_size_tablet=&#8220;8vw&#8220; header_font_size_phone=&#8220;27px&#8220; header_font_size_last_edited=&#8220;on|phone&#8220; module_alignment_tablet=&#8220;&#8220; module_alignment_phone=&#8220;center&#8220; module_alignment_last_edited=&#8220;on|phone&#8220; global_colors_info=&#8220;{}&#8220;]<\/p>\n<h1>DSVGO<br \/> Bulldog press<\/h1>\n<p>[\/et_pb_text][et_pb_text _builder_version=&#8220;4.7.0&#8243; text_font=&#8220;Montserrat||||||||&#8220; text_font_size=&#8220;17px&#8220; global_colors_info=&#8220;{}&#8220;]<\/p>\n<p>IHR FACHBUCHVERLAG F\u00dcR TRAKTOR-, DAMPF-, LANDMASCHINEN- UND MOTORRADFREUNDE<\/p>\n<p>[\/et_pb_text][\/et_pb_column][et_pb_column type=&#8220;1_2&#8243; specialty_columns=&#8220;2&#8243; _builder_version=&#8220;3.25&#8243; custom_padding=&#8220;|||&#8220; global_colors_info=&#8220;{}&#8220; custom_padding__hover=&#8220;|||&#8220;][\/et_pb_column][\/et_pb_section][et_pb_section fb_built=&#8220;1&#8243; specialty=&#8220;on&#8220; _builder_version=&#8220;4.7.0&#8243; _module_preset=&#8220;default&#8220; width=&#8220;100%&#8220; max_width=&#8220;100%&#8220; module_alignment=&#8220;left&#8220; global_colors_info=&#8220;{}&#8220;][et_pb_column type=&#8220;3_4&#8243; specialty_columns=&#8220;3&#8243; _builder_version=&#8220;3.25&#8243; custom_padding=&#8220;|||&#8220; global_colors_info=&#8220;{}&#8220; custom_padding__hover=&#8220;|||&#8220;][et_pb_row_inner _builder_version=&#8220;4.7.0&#8243; _module_preset=&#8220;default&#8220; width=&#8220;100%&#8220; max_width=&#8220;100%&#8220; module_alignment=&#8220;left&#8220; global_colors_info=&#8220;{}&#8220;][et_pb_column_inner saved_specialty_column_type=&#8220;3_4&#8243; _builder_version=&#8220;4.7.0&#8243; _module_preset=&#8220;default&#8220; global_colors_info=&#8220;{}&#8220;][et_pb_text _builder_version=&#8220;4.7.0&#8243; _module_preset=&#8220;default&#8220; global_colors_info=&#8220;{}&#8220;]<\/p>\n<h1>Datenschutzerkl\u00e4rung<\/h1>\n<p>BULLDOG PRESS erhebt, verwendet und speichert Ihre personenbezogenen Daten ausschlie\u00dflich im Rahmen der Bestimmungen der neuen Datenschutzgrundverordnung (EU &#8211; DSGVO). Nachfolgend unterrichten wir Sie \u00fcber Art, Umfang und Zweck der Datenerhebung und Verwendung.<\/p>\n<p>&nbsp;<\/p>\n<p><strong>11.1 Verantwortliche Stelle<\/strong><br \/> Betreiber der Website unter der Domain https:\/\/www.bulldogpress.de und damit verantwortliche Stelle ist Robert Geyer, Burgschwalbacher Str. 40, 65558 Burgschwalbach<\/p>\n<p>&nbsp;<\/p>\n<p><strong>11.2 Erhebung und Verarbeitung von allgemeinen Daten<\/strong><br \/> Jeder Zugriff auf unsere Internetseite und jeder Abruf einer auf dieser Website hinterlegten Datei werden protokolliert. Die Speicherung dient internen systembezogenen und statistischen Zwecken. Protokolliert werden: Name der abgerufenen Datei, Datum und Uhrzeit des Abrufs, \u00fcbertragene Datenmenge, Meldung \u00fcber erfolgreichen Abruf, Webbrowser und anfragende Domain. Zus\u00e4tzlich werden die IP Adressen der anfragenden Rechner protokolliert. Weitergehende personenbezogene Daten werden nur erfasst, wenn Sie als Nutzer der Website und\/oder Kunde Angaben freiwillig, etwa im Rahmen einer Anfrage oder Registrierung oder zum Abschluss eines Vertrages oder \u00fcber die Einstellungen seines Browsers t\u00e4tigen.<\/p>\n<p>&nbsp;<\/p>\n<p><strong>11.3 Erheben personenbezogener Daten Personenbezogene Daten<\/strong><\/p>\n<p>im Sinne dieser Datenschutzbestimmungen sind Einzelangaben \u00fcber Ihre pers\u00f6nlichen oder sachlichen Verh\u00e4ltnisse. Hierzu z\u00e4hlen insbesondere Ihr Name, Ihre E-Mail-Adresse, Ihre Telefonnummer und ggf. Ihre Adresse, soweit Sie uns Letztere bekannt gegeben haben sollten. Zu den personenbezogenen Daten z\u00e4hlen auch Informationen \u00fcber Ihre Nutzung unserer Website. In diesem Zusammenhang erheben wir personenbezogene Daten wie folgt von Ihnen: Informationen \u00fcber Ihre Besuche unserer Website wie bspw. Umfang des Datentransfers, den Ort, von dem aus Sie Daten von unserer Website abrufen sowie andere Verbindungsdaten und Quellen, die Sie abrufen. Dies geschieht in der Regel durch die Verwendung von Logfiles und Cookies. N\u00e4here Information zu Logfiles und Cookies erhalten Sie weiter unten.<\/p>\n<p>&nbsp;<\/p>\n<p><strong>11.4 Verwendungszweck Wir verwenden Ihre personenbezogenen Daten zu folgenden Zwecken:<\/strong><br \/> 1. Um die von Ihnen gew\u00fcnschten Online-Dienste zu erbringen,<br \/> 2. Um sicherzustellen, dass unsere Website in m\u00f6glichst effektiver und interessanter Weise Ihnen gegen\u00fcber pr\u00e4sentiert wird;<br \/> 3. Um unseren Verpflichtungen aus etwaigen zwischen Ihnen und uns geschlossenen Vertr\u00e4gen nachzukommen;<br \/> 4. Um Sie \u00fcber \u00c4nderungen unserer Leistungen zu informieren.<\/p>\n<p>&nbsp;<\/p>\n<p><strong>11.5 Informationen \u00fcber Ihren Computer und Cookies<\/strong><\/p>\n<p>Bei jedem Zugriff auf unsere Internetseiten erheben wir folgende Informationen \u00fcber Ihren Computer: Die IP-Adresse Ihres Computers, die Anfrage Ihres Browsers sowie die Zeit dieser Anfrage. Au\u00dferdem werden der Status und die \u00fcbertragene Datenmenge im Rahmen dieser Anfrage erfasst. Wir erheben auch Produkt- und Versionsinformationen \u00fcber den verwendeten Browser und das Betriebssystem ihres Computers. Wir erfassen weiter, von welcher Website aus der Zugriff auf unsere Seite erfolgte. Die IP-Adresse Ihres Computers wird dabei nur f\u00fcr die Zeit Ihrer Nutzung der Website gespeichert und im Anschluss daran unverz\u00fcglich gel\u00f6scht oder durch K\u00fcrzung anonymisiert. Die \u00fcbrigen Daten werden f\u00fcr eine begrenzte Zeitdauer gespeichert. Wir verwenden diese Daten f\u00fcr den Betrieb unserer Website, insbesondere um Fehler der Website festzustellen und zu beseitigen, um die Auslastung der Website festzustellen und um Anpassungen oder Verbesserungen vorzunehmen. Unter Umst\u00e4nden erheben wir au\u00dferdem Informationen \u00fcber Ihre Nutzung unserer Website durch die Verwendung sog. Browser-Cookies. Dies sind kleine Textdateien, die auf Ihrem Datentr\u00e4ger gespeichert werden und die bestimmte Einstellungen und Daten zum Austausch mit unserem System \u00fcber Ihren Browser speichern. Ein Cookie enth\u00e4lt in der Regel den Namen der Domain, von der die Cookie-Daten gesendet wurden sowie Informationen \u00fcber das Alter des Cookies und ein alphanumerisches Identifizierungszeichen. Cookies erm\u00f6glichen unseren Systemen, das Ger\u00e4t des Nutzers zu erkennen und eventuelle Voreinstellungen sofort verf\u00fcgbar zu machen. Sobald ein Nutzer auf die Plattform zugreift, wird ein Cookie auf die Festplatte des Computers des jeweiligen Nutzers \u00fcbermittelt. Cookies helfen uns, unsere Website zu verbessern und Ihnen einen besseren und noch mehr auf Sie zugeschnittenen Service anbieten zu k\u00f6nnen. Sie erm\u00f6glichen uns, Ihren Computer wieder zu erkennen, wenn Sie auf unsere Website zur\u00fcckkehren und dadurch Informationen \u00fcber Ihre bevorzugten Aktivit\u00e4ten auf der Website zu speichern und so unsere Website an Ihren individuellen Interessen auszurichten. In den von uns verwendeten Cookies werden lediglich die oben erl\u00e4uterten Daten \u00fcber Ihre Nutzung der Website gespeichert. Dies erfolgt nicht durch eine Zuordnung zu Ihnen pers\u00f6nlich, sondern durch Zuweisung einer Identifikationsnummer zu dem Cookie (\u201eCookie-ID\u201c). Eine Zusammenf\u00fchrung der Cookie-ID mit Ihrem Namen, Ihrer IP-Adresse oder mit \u00e4hnlichen Daten, die eine Zuordnung des Cookies zu Ihnen erm\u00f6glichen w\u00fcrden, erfolgt nicht. Sollten Sie eine Verwendung von Browser-Cookies nicht w\u00fcnschen, k\u00f6nnen Sie Ihren Browser so einstellen, dass eine Speicherung von Cookies nicht akzeptiert wird. Bitte beachten Sie, dass Sie unsere Website in diesem Fall ggf. nur eingeschr\u00e4nkt oder gar nicht nutzen k\u00f6nnen.<\/p>\n<p>&nbsp;<\/p>\n<p><strong>11.6 Datensicherheit.<\/strong><\/p>\n<p>Alle Informationen, die Sie an uns \u00fcbermitteln, werden auf Servern innerhalb der Europ\u00e4ischen Union gespeichert. Leider ist die \u00dcbertragung von Informationen \u00fcber das Internet nicht vollst\u00e4ndig sicher, weshalb wir die Sicherheit der \u00fcber das Internet an unserer Website \u00fcbermittelten Daten nicht garantieren k\u00f6nnen. Wir sichern unsere Website und sonstigen Systeme jedoch durch technische und organisatorische Ma\u00dfnahmen gegen Verlust, Zerst\u00f6rung, Zugriff, Ver\u00e4nderung oder Verbreitung Ihrer Daten durch unbefugte Personen ab.<br \/> 11.7 Weitergabe\/Bereitstellung Ihrer personenbezogenen Daten Wir geben Ihre personenbezogenen Daten nicht an Dritte weiter, es sei denn, Sie haben in die Datenweitergabe\/Bereitstellung eingewilligt oder wir sind aufgrund gesetzlicher Bestimmungen und\/oder beh\u00f6rdlicher oder gerichtlicher Anordnungen zu einer Datenweitergabe berechtigt oder verpflichtet. Dabei kann es sich insbesondere Bereitstellung Ihrer Daten zum Zwecke von Vertragsschl\u00fcssen oder Vertragserf\u00fcllungen, um die Auskunftserteilung zum Zwecke der Strafverfolgung, zur Gefahrenabwehr oder zur Durchsetzung geistiger Eigentumsrechte handeln. Sollten wir Ihre Daten dann nicht bereitstellen, k\u00f6nnte dies f\u00fcr Sie und\/oder uns z.B. zur Nichterf\u00fcllbarkeit vertraglicher Leistungen, au\u00dferordentlicher K\u00fcndigung des jeweiligen Vertrages, Kosten- und Schadensersatzforderungen und -anspr\u00fcche (auch durch Dritte), und\/oder Geldbu\u00dfen oder gar strafrechtlichen Ahndung aus ggf. mit der Nichtbereitstellung der Daten einhergehenden Gesetzesverst\u00f6\u00dfen f\u00fchren.<\/p>\n<p>&nbsp;<\/p>\n<p><strong>11.7 Datenschutz und Websites<\/strong><\/p>\n<p>weiterer Dritter Die Website kann u.a. Hyperlinks zu und von Websites anderer Dritter enthalten. Wenn Sie einem Hyperlink zu einer dieser Websites folgen, beachten Sie bitte, dass wir hierbei ebenfalls keine Verantwortung oder Gew\u00e4hr f\u00fcr fremde Inhalte oder Datenschutzbedingungen \u00fcbernehmen k\u00f6nnen. Bitte vergewissern Sie sich daher auch hier \u00fcber die jeweils geltenden Datenschutzbedingungen, bevor Sie personenbezogene Daten an diese Websites Dritter \u00fcbermitteln.<\/p>\n<p>&nbsp;<\/p>\n<p><strong>11.8 Kontaktformular<\/strong> Wenn unser Kontaktformular nutzen um uns Kontaktanfragen zukommen zu lassen, werden Ihre dortigen Angaben inklusive der dort angegeben Kontaktdaten zwecks Bearbeitung der Anfrage und f\u00fcr den Fall sich ergebender zus\u00e4tzlicher Fragen bei uns gespeichert. Diese Daten geben wir nicht ohne Ihre vorherige Einwilligung an Dritte weiter.<\/p>\n<p>&nbsp;<\/p>\n<p><strong>11.9 \u00c4nderungen dieser Datenschutzbestimmungen<\/strong><\/p>\n<p>Wir behalten uns das Recht vor, diese Datenschutzbestimmungen jederzeit mit Wirkung f\u00fcr die Zukunft zu \u00e4ndern. Eine jeweils aktuelle Version ist auf der Website verf\u00fcgbar. Bitte suchen Sie die Website regelm\u00e4\u00dfig auf und informieren Sie sich \u00fcber die geltenden Datenschutzbestimmungen.<\/p>\n<p>&nbsp;<\/p>\n<p><strong>11.10 Ihre Rechte und Kontakte<\/strong><\/p>\n<p>Sie k\u00f6nnen Ihre personenbezogenen Daten z.B. jederzeit kostenlos einsehen und ggf. auch deren Berichtigung und\/oder \u2013 wenn der Bestand der Datenspeicherung nicht zwecks Vertragserf\u00fcllung, satzungsbedingt oder gesetzlich erforderlich ist \u2013 eine L\u00f6schung und\/oder auch nur Sperrung verlangen. Wir empfehlen Ihnen, vor Geltendmachung eines jedweden uns gegen\u00fcber erhobenen L\u00f6schungsanspruches uns gegen\u00fcber Ihre Daten ggf. selbst gesichert zu haben. Ihnen stehen ggf. auch die Rechte auf Einschr\u00e4nkung der Verarbeitung, Widerspruch gegen die Verarbeitung sowie Daten\u00fcbertragbarkeit zu, die sich aus den Artikeln 15 \u2013 21 Datenschutzgrundverordnung (DSGVO) ergeben. Soweit die Verarbeitung auf Ihrer gesonderten Einwilligung beruht, k\u00f6nnen Sie diese Einwilligung jederzeit mit Wirkung f\u00fcr die Zukunft widerrufen. Zu den vorgenannten Zwecken und\/oder um n\u00e4here Informationen hier\u00fcber zu erhalten, wenden Sie sich an uns per E-Mail an die Adresse info@schwungrad-versand.de oder an unsere im Impressum dieser Webseite angegebenen Kontakt- und Adressdaten. Sollten Sie Fragen, Kommentare oder Anfragen bez\u00fcglich der Erhebung, Verarbeitung und Nutzung Ihrer personenbezogenen Daten durch uns haben, wenden Sie sich bitte wie bereits dargelegt an uns \u00fcber die Impressum dieser Internetseiten genannten Kontaktdaten. Falls Sie der Auffassung sein sollten, dass die Verarbeitung Ihrer personenbezogenen Daten \u00fcber\/durch uns rechtswidrig erfolgt, steht Ihnen unbeschadet dessen als betroffene Person auch das Recht zu, sich gem\u00e4\u00df Art. 77, DSGVO bei einer der ebenfalls nach dieser Vorschrift zust\u00e4ndigen Aufsichtsbeh\u00f6rden zu beschweren.<\/p>\n<p>&nbsp;<\/p>\n<p>[\/et_pb_text][\/et_pb_column_inner][\/et_pb_row_inner][\/et_pb_column][et_pb_column type=&#8220;1_4&#8243; _builder_version=&#8220;3.25&#8243; custom_padding=&#8220;|||&#8220; global_colors_info=&#8220;{}&#8220; custom_padding__hover=&#8220;|||&#8220;][\/et_pb_column][\/et_pb_section]<\/p>\n","protected":false},"excerpt":{"rendered":"<p>DSVGO Bulldog pressIHR FACHBUCHVERLAG F\u00dcR TRAKTOR-, DAMPF-, LANDMASCHINEN- UND MOTORRADFREUNDEDatenschutzerkl\u00e4rung BULLDOG PRESS erhebt, verwendet und speichert Ihre personenbezogenen Daten ausschlie\u00dflich im Rahmen der Bestimmungen der neuen Datenschutzgrundverordnung (EU &#8211; DSGVO). Nachfolgend unterrichten wir Sie \u00fcber Art, Umfang und Zweck der Datenerhebung und Verwendung. &nbsp; 11.1 Verantwortliche Stelle Betreiber der Website unter der Domain https:\/\/www.bulldogpress.de und [&hellip;]<\/p>\n","protected":false},"author":1,"featured_media":0,"parent":0,"menu_order":0,"comment_status":"closed","ping_status":"open","template":"","meta":{"_et_pb_use_builder":"on","_et_pb_old_content":"<!-- wp:heading --><h2>Wer wir sind<\/h2><!-- \/wp:heading --><!-- wp:paragraph --><p>Die Adresse unserer Website ist: http:\/\/shop.bulldogpress.com.<\/p><!-- \/wp:paragraph --><!-- wp:heading --><h2>Welche personenbezogenen Daten wir sammeln und warum wir sie sammeln<\/h2><!-- \/wp:heading --><!-- wp:heading {\"level\":3} --><h3>Kommentare<\/h3><!-- \/wp:heading --><!-- wp:paragraph --><p>Wenn Besucher Kommentare auf der Website schreiben, sammeln wir die Daten, die im Kommentar-Formular angezeigt werden, au\u00dferdem die IP-Adresse des Besuchers und den User-Agent-String (damit wird der Browser identifiziert), um die Erkennung von Spam zu unterst\u00fctzen.<\/p><!-- \/wp:paragraph --><!-- wp:paragraph --><p>Aus deiner E-Mail-Adresse kann eine anonymisierte Zeichenfolge erstellt (auch Hash genannt) und dem Gravatar-Dienst \u00fcbergeben werden, um zu pr\u00fcfen, ob du diesen benutzt. Die Datenschutzerkl\u00e4rung des Gravatar-Dienstes findest du hier: https:\/\/automattic.com\/privacy\/. Nachdem dein Kommentar freigegeben wurde, ist dein Profilbild \u00f6ffentlich im Kontext deines Kommentars sichtbar.<\/p><!-- \/wp:paragraph --><!-- wp:heading {\"level\":3} --><h3>Medien<\/h3><!-- \/wp:heading --><!-- wp:paragraph --><p>Wenn du ein registrierter Benutzer bist und Fotos auf diese Website l\u00e4dst, solltest du vermeiden, Fotos mit einem EXIF-GPS-Standort hochzuladen. Besucher dieser Website k\u00f6nnten Fotos, die auf dieser Website gespeichert sind, herunterladen und deren Standort-Informationen extrahieren.<\/p><!-- \/wp:paragraph --><!-- wp:heading {\"level\":3} --><h3>Kontaktformulare<\/h3><!-- \/wp:heading --><!-- wp:heading {\"level\":3} --><h3>Cookies<\/h3><!-- \/wp:heading --><!-- wp:paragraph --><p>Wenn du einen Kommentar auf unserer Website schreibst, kann das eine Einwilligung sein, deinen Namen, E-Mail-Adresse und Website in Cookies zu speichern. Dies ist eine Komfortfunktion, damit du nicht, wenn du einen weiteren Kommentar schreibst, all diese Daten erneut eingeben musst. Diese Cookies werden ein Jahr lang gespeichert.<\/p><!-- \/wp:paragraph --><!-- wp:paragraph --><p>Falls du ein Konto hast und dich auf dieser Website anmeldest, werden wir ein tempor\u00e4res Cookie setzen, um festzustellen, ob dein Browser Cookies akzeptiert. Dieses Cookie enth\u00e4lt keine personenbezogenen Daten und wird verworfen, wenn du deinen Browser schlie\u00dft.<\/p><!-- \/wp:paragraph --><!-- wp:paragraph --><p>Wenn du dich anmeldest, werden wir einige Cookies einrichten, um deine Anmeldeinformationen und Anzeigeoptionen zu speichern. Anmelde-Cookies verfallen nach zwei Tagen und Cookies f\u00fcr die Anzeigeoptionen nach einem Jahr. Falls du bei der Anmeldung \u201eAngemeldet bleiben\u201c ausw\u00e4hlst, wird deine Anmeldung zwei Wochen lang aufrechterhalten. Mit der Abmeldung aus deinem Konto werden die Anmelde-Cookies gel\u00f6scht.<\/p><!-- \/wp:paragraph --><!-- wp:paragraph --><p>Wenn du einen Artikel bearbeitest oder ver\u00f6ffentlichst, wird ein zus\u00e4tzlicher Cookie in deinem Browser gespeichert. Dieser Cookie enth\u00e4lt keine personenbezogenen Daten und verweist nur auf die Beitrags-ID des Artikels, den du gerade bearbeitet hast. Der Cookie verf\u00e4llt nach einem Tag.<\/p><!-- \/wp:paragraph --><!-- wp:heading {\"level\":3} --><h3>Eingebettete Inhalte von anderen Websites<\/h3><!-- \/wp:heading --><!-- wp:paragraph --><p>Beitr\u00e4ge auf dieser Website k\u00f6nnen eingebettete Inhalte beinhalten (z.&nbsp;B. Videos, Bilder, Beitr\u00e4ge etc.). Eingebettete Inhalte von anderen Websites verhalten sich exakt so, als ob der Besucher die andere Website besucht h\u00e4tte.<\/p><!-- \/wp:paragraph --><!-- wp:paragraph --><p>Diese Websites k\u00f6nnen Daten \u00fcber dich sammeln, Cookies benutzen, zus\u00e4tzliche Tracking-Dienste von Dritten einbetten und deine Interaktion mit diesem eingebetteten Inhalt aufzeichnen, inklusive deiner Interaktion mit dem eingebetteten Inhalt, falls du ein Konto hast und auf dieser Website angemeldet bist.<\/p><!-- \/wp:paragraph --><!-- wp:heading {\"level\":3} --><h3>Analysedienste<\/h3><!-- \/wp:heading --><!-- wp:heading --><h2>Mit wem wir deine Daten teilen<\/h2><!-- \/wp:heading --><!-- wp:heading --><h2>Wie lange wir deine Daten speichern<\/h2><!-- \/wp:heading --><!-- wp:paragraph --><p>Wenn du einen Kommentar schreibst, wird dieser inklusive Metadaten zeitlich unbegrenzt gespeichert. Auf diese Art k\u00f6nnen wir Folgekommentare automatisch erkennen und freigeben, anstelle sie in einer Moderations-Warteschlange festzuhalten.<\/p><!-- \/wp:paragraph --><!-- wp:paragraph --><p>F\u00fcr Benutzer, die sich auf unserer Website registrieren, speichern wir zus\u00e4tzlich die pers\u00f6nlichen Informationen, die sie in ihren Benutzerprofilen angeben. Alle Benutzer k\u00f6nnen jederzeit ihre pers\u00f6nlichen Informationen einsehen, ver\u00e4ndern oder l\u00f6schen (der Benutzername kann nicht ver\u00e4ndert werden). Administratoren der Website k\u00f6nnen diese Informationen ebenfalls einsehen und ver\u00e4ndern.<\/p><!-- \/wp:paragraph --><!-- wp:heading --><h2>Welche Rechte du an deinen Daten hast<\/h2><!-- \/wp:heading --><!-- wp:paragraph --><p>Wenn du ein Konto auf dieser Website besitzt oder Kommentare geschrieben hast, kannst du einen Export deiner personenbezogenen Daten bei uns anfordern, inklusive aller Daten, die du uns mitgeteilt hast. Dar\u00fcber hinaus kannst du die L\u00f6schung aller personenbezogenen Daten, die wir von dir gespeichert haben, anfordern. Dies umfasst nicht die Daten, die wir aufgrund administrativer, rechtlicher oder sicherheitsrelevanter Notwendigkeiten aufbewahren m\u00fcssen.<\/p><!-- \/wp:paragraph --><!-- wp:heading --><h2>Wohin wir deine Daten senden<\/h2><!-- \/wp:heading --><!-- wp:paragraph --><p>Besucher-Kommentare k\u00f6nnten von einem automatisierten Dienst zur Spam-Erkennung untersucht werden.<\/p><!-- \/wp:paragraph --><!-- wp:heading --><h2>Deine Kontakt-Informationen<\/h2><!-- \/wp:heading --><!-- wp:heading --><h2>Weitere Informationen<\/h2><!-- \/wp:heading --><!-- wp:heading {\"level\":3} --><h3>Wie wir deine Daten sch\u00fctzen<\/h3><!-- \/wp:heading --><!-- wp:heading {\"level\":3} --><h3>Welche Ma\u00dfnahmen wir bei Datenschutzverletzungen anbieten<\/h3><!-- \/wp:heading --><!-- wp:heading {\"level\":3} --><h3>Von welchen Drittanbietern wir Daten erhalten<\/h3><!-- \/wp:heading --><!-- wp:heading {\"level\":3} --><h3>Welche automatisierte Entscheidungsfindung und\/oder Profilerstellung wir mit Benutzerdaten durchf\u00fchren<\/h3><!-- \/wp:heading --><!-- wp:heading {\"level\":3} --><h3>Vorausgesetzte Offenlegungspflichten der Industrie<\/h3><!-- \/wp:heading -->","_et_gb_content_width":"","footnotes":""},"class_list":["post-3","page","type-page","status-publish","hentry"],"_links":{"self":[{"href":"https:\/\/bulldogpress.de\/index.php?rest_route=\/wp\/v2\/pages\/3","targetHints":{"allow":["GET"]}}],"collection":[{"href":"https:\/\/bulldogpress.de\/index.php?rest_route=\/wp\/v2\/pages"}],"about":[{"href":"https:\/\/bulldogpress.de\/index.php?rest_route=\/wp\/v2\/types\/page"}],"author":[{"embeddable":true,"href":"https:\/\/bulldogpress.de\/index.php?rest_route=\/wp\/v2\/users\/1"}],"replies":[{"embeddable":true,"href":"https:\/\/bulldogpress.de\/index.php?rest_route=%2Fwp%2Fv2%2Fcomments&post=3"}],"version-history":[{"count":25,"href":"https:\/\/bulldogpress.de\/index.php?rest_route=\/wp\/v2\/pages\/3\/revisions"}],"predecessor-version":[{"id":2211,"href":"https:\/\/bulldogpress.de\/index.php?rest_route=\/wp\/v2\/pages\/3\/revisions\/2211"}],"wp:attachment":[{"href":"https:\/\/bulldogpress.de\/index.php?rest_route=%2Fwp%2Fv2%2Fmedia&parent=3"}],"curies":[{"name":"wp","href":"https:\/\/api.w.org\/{rel}","templated":true}]}}